ivided by 554.
309
What is the remainder when 13609 is divided by 1129?
61
What is the remainder when 12682 is divided by 141?
133
Calculate the remainder when 6540 is divided by 211.
210
Calculate the remainder when 3029 is divided by 656.
405
Calculate the remainder when 9706 is divided by 130.
86
What is the remainder when 35160 is divided by 57?
48
Calculate the remainder when 143848 is divided by 464.
8
What is the remainder when 2849337 is divided by 156?
153
What is the remainder when 302763 is divided by 7041?
0
Calculate the remainder when 1556214 is divided by 4161.
0
What is the remainder when 707873 is divided by 148?
137
Calculate the remainder when 2481397 is divided by 1306.
1303
Calculate the remainder when 1331 is divided by 286.
187
Calculate the remainder when 21530 is divided by 211.
8
What is the remainder when 133244 is divided by 125?
119
Calculate the remainder when 31975 is divided by 55.
20
What is the remainder when 4046 is divided by 672?
14
What is the remainder when 6746 is divided by 75?
71
What is the remainder when 8999 is divided by 8889?
110
Calculate the remainder when 8371 is divided by 161.
160
What is the remainder when 406868 is divided by 251?
248
What is the remainder when 259 is divided by 111?
37
Calculate the remainder when 520998 is divided by 28944.
6
What is the remainder when 32628 is divided by 263?
16
Calculate the remainder when 657108 is divided by 46.
44
What is the remainder when 851747 is divided by 3?
2
Calculate the remainder when 39912 is divided by 94.
56
What is the remainder when 4222 is divided by 470?
462
What is the remainder when 14271 is divided by 830?
161
What is the remainder when 701 is divided by 173?
9
Calculate the remainder when 2443 is divided by 103.
74
Calculate the remainder when 13799 is divided by 3398.
207
What is the remainder when 47115 is divided by 95?
90
What is the remainder when 535 is divided by 30?
25
What is the remainder when 19328 is divided by 968?
936
What is the remainder when 38419 is divided by 12741?
196
Calculate the remainder when 1513812 is divided by 5.
2
Calculate the remainder when 448807 is divided by 20400.
7
What is the remainder when 6576 is divided by 1638?
24
Calculate the remainder when 633346 is divided by 241.
239
What is the remainder when 8363 is divided by 4?
3
What is the remainder when 44513 is divided by 14816?
65
What is the remainder when 60443 is divided by 30?
23
What is the remainder when 49910 is divided by 148?
34
Calculate the remainder when 3131 is divided by 1.
0
What is the remainder when 4090 is divided by 243?
202
Calculate the remainder when 244528 is divided by 66.
64
What is the remainder when 938 is divided by 121?
91
What is the remainder when 718759 is divided by 595?
594
What is the remainder when 57060 is divided by 19016?
12
What is the remainder when 67394 is divided by 177?
134
Calculate the remainder when 16166 is divided by 43.
41
Calculate the remainder when 36496 is divided by 56.
40
Calculate the remainder when 8073 is divided by 197.
193
Calculate the remainder when 296524 is divided by 29.
28
Calculate the remainder when 991323 is divided by 20.
3
What is the remainder when 4676 is divided by 1120?
196
What is the remainder when 33531 is divided by 11159?
54
What is the remainder when 212297 is divided by 47?
45
What is the remainder when 1423 is divided by 151?
64
Calculate the remainder when 51559 is divided by 17165.
64
What is the remainder when 127132 is divided by 34?
6
What is the remainder when 5117567 is divided by 96?
95
What is the remainder when 1465 is divided by 952?
513
What is the remainder when 11183 is divided by 193?
182
Calculate the remainder when 190806 is divided by 179.
171
Calculate the remainder when 355 is divided by 64.
35
What is the remainder when 8168 is divided by 114?
74
Calculate the remainder when 598 is divided by 60.
58
Calculate the remainder when 7651 is divided by 56.
35
Calculate the remainder when 19970 is divided by 42.
20
Calculate the remainder when 2639 is divided by 22.
21
Calculate the remainder when 56472 is divided by 75.
72
What is the remainder when 4068 is divided by 4044?
24
Calculate the remainder when 942 is divided by 640.
302
Calculate the remainder when 17289 is divided by 16.
9
Calculate the remainder when 1637 is divided by 24.
5
Calculate the remainder when 68345 is divided by 34171.
3
Calculate the remainder when 415610 is divided by 63.
62
What is the remainder when 6515625 is divided by 196?
193
What is the remainder when 101314 is divided by 23?
22
Calculate the remainder when 3588126 is divided by 97.
96
Calculate the remainder when 1793 is divided by 261.
227
What is the remainder when 2883 is divided by 1245?
393
What is the remainder when 1663 is divided by 227?
74
Calculate the remainder when 514212 is divided by 1113.
6
Calculate the remainder when 8809 is divided by 353.
337
Calculate the remainder when 10280 is divided by 1.
0
Calculate the remainder when 5125 is divided by 471.
415
Calculate the remainder when 847 is divided by 108.
91
What is the remainder when 15969 is divided by 279?
66
Calculate the remainder when 66924 is divided by 6691.
14
Calculate the remainder when 3375 is divided by 198.
9
What is the remainder when 3251 is divided by 45?
11
Calculate the remainder when 9054 is divided by 2613.
1215
What is the remainder when 140804 is divided by 643?
630
Calculate the remainder when 17533 is divided by 51.
40
What is the remainder when 9214 is divided by 3052?
58
Calculate the remainder when 41388 is divided by 1379.
18
What is the remainder when 248305 is divided by 801?
796
What is the remainder when 5381 is divided by 1026?
251
Calculate the remainder when 742 is divided by 514.
228
Calculate the remainder when 254252 is divided by 41.
11
What is the remainder when 212 is divided by 21?
2
What is the remainder when 521 is divided by 384?
137
Calculate the remainder when 26232 is divided by 21.
3
Calculate the remainder when 88854 is divided by 4439.
74
What is the remainder when 28728 is divided by 361?
209
Calculate the remainder when 2963 is divided by 659.
327
What is the remainder when 136156 is divided by 33?
31
What is the remainder when 23766 is divided by 88?
6
Calculate the remainder when 14728 is divided by 7353.
22
What is the remainder when 5144 is divided by 2174?
796
What is the remainder when 104445 is divided by 11603?
18
Calculate the remainder when 61877 is divided by 1560.
1037
Calculate the remainder when 6768 is divided by 156.
60
Calculate the remainder when 6034 is divided by 5948.
86
Calculate the remainder when 193658 is divided by 20.
18
What is the remainder when 1135 is divided by 296?
247
What is the remainder when 17803 is divided by 5932?
7
What is the remainder when 886 is divided by 171?
31
What is the remainder when 254132 is divided by 15883?
4
Calculate the remainder when 604 is divided by 12.
4
Calculate the remainder when 14505 is divided by 2415.
15
Calculate the remainder when 599889 is divided by 299939.
11
What is the remainder when 4925 is divided by 614?
13
What is the remainder when 834 is divided by 75?
9
What is the remainder when 33460 is divided by 250?
210
What is the remainder when 21494 is divided by 321?
308
Calculate the remainder when 8282 is divided by 49.
1
What is the remainder when 32144 is divided by 108?
68
Calculate the remainder when 4993 is divided by 4878.
115
What is the remainder when 685 is divided by 431?
254
Calculate the remainder when 4861 is divided by 12.
1
Calculate the remainder when 5654 is divided by 435.
434
Calculate the remainder when 16869 is divided by 5592.
93
What is the remainder when 12811 is divided by 55?
51
Calculate the remainder when 141961 is divided by 1352.
1
What is the remainder when 1049518 is divided by 48?
46
What is the remainder when 1930 is divided by 248?
194
What is the remainder when 500614 is divided by 651?
646
Calculate the remainder when 90299 is divided by 300.
299
What is the remainder when 14851 is divided by 18?
1
Calculate the remainder when 271873 is divided by 74.
71
What is the remainder when 126997 is divided by 25388?
57
Calculate the remainder when 2834 is divided by 921.
71
Calcula